4. Let r(y) = y - 23. Let g(h) = -3*q(h) - 8*r(h). Suppose -29*o + 27*o + 26 = 0. Determine g(o).
5
Let y = 26877 - 26874. Let l(p) = -p + 5. Suppose 0 = -3*o + o - 12. Let f(a) = -1. Let u(n) = o*f(n) - l(n). Determine u(y).
4
Let j(p) = p**3 + 14*p**2 + 8*p + 14. Let k(f) = -3*f**3 - 40*f**2 - 21*f - 40. Let l(c) = -11*j(c) - 4*k(c). What is l(-4)?
54
Let t(j) = -2*j**3 - 20*j**2 + 16*j + 11. Suppose -930 = 7*b + 86*b. What is t(b)?
-149
Suppose -2*x + 3*o + 1 = 2, 5*x - 4*o = 8. Let v(u) be the second derivative of -86*u - 1/12*u**4 + 0*u**2 + 1/2*u**3 + 0. Determine v(x).
-4
Let y(l) be the third derivative of -l**6/360 - l**5/15 - 3*l**4/8 - 11*l**3/2 - 38*l**2. Let f(k) be the first derivative of y(k). What is f(-4)?
7
Let l(q) = 754*q - 1496. Let x be l(2). Let f(u) = 8*u**2 - 99*u + 37. Give f(x).
1
Suppose -3 - 2 = -3*x - 47. Let b(t) = 2*t**2 + 29*t + 26. Calculate b(x).
12
Let k(b) = 22*b - 723*b**2 - 93 + 146 + 726*b**2. Calculate k(-3).
14
Let k(v) = -13*v - 174. Let l(n) = -15*n - 218. Let p(q) = -5*k(q) + 4*l(q). Calculate p(-5).
-27
Suppose -2*n - 12 = -q - 3*q, 0 = 3*n + 2*q + 10. Let y be (0/(-1 - 3))/(-1). Let h(j) = j - 3 + y*j + j**2 + 3*j + 0*j. Determine h(n).
-3
Let u(q) = 43*q**2 + 191 - 42*q**2 + 19816*q - 19788*q. Give u(-13).
-4
Let q(m) = m - 2. Let g(p) = -28. Let d(n) = g(n) - 5*q(n). What is d(-6)?
12
Let k(u) be the second derivative of u**3/6 - 5*u**2/2 + 12*u. Let w be k(-12). Let o = 24 + w. Let j(s) = s - 1. Determine j(o).
6
Suppose -108*v + 110*v = t - 9, 0 = 5*v + 10. Let n(z) be the second derivative of z**5/20 - z**4/2 + 2*z**3/3 + 4*z**2 - z. Calculate n(t).
3
Suppose -45 = 14*z - 19*z. Let w(u) = -14*u**2 + 137*u + 16. Let s(v) = -5*v**2 + 49*v + 5. Let g(i) = -11*s(i) + 4*w(i). Give g(z).
9
Let s(h) = 2*h**3 + 36*h + 23*h - h**3 - 79*h - 16*h**2 + 21. Give s(17).
-30
Let b(t) = -t + 1. Let f(n) = -3*n - 2. Let g(l) = -6*b(l) + 3*f(l). Let h(s) = -6*s - 9*s - 58 - 8*s**2 - 9*s**2 + 16*s**2. Let j be h(-10). Calculate g(j).
12
Let c = 176 - 64. Let t be (-6)/4*c/21. Let w(f) = -f**3 - 9*f**2 - 9*f - 14. Let l be w(t). Let o(g) = g**2 + 6*g - 4. Determine o(l).
-4
Let x(i) = i**3 - 31*i**2 + 30*i + 7. Let k be x(30). Let d(v) = 5*v**2 - 30*v - 2. Let b(w) = -4*w**2 + 24*w + 3. Let q(g) = 6*b(g) + 5*d(g). What is q(k)?
15
Let z = -17888 - -17897. Let c(t) = 3*t - 31. Give c(z).
-4
Let a = -4712 + 4692. Let m(f) = 4*f + 91. Determine m(a).
11
Let w(h) = -h**3 + 5*h**2 - 3*h - 5. Let l = 26 - 22. Suppose 3*m = -l*q + 24, -m - 3*q + 16 = 3. Determine w(m).
-1
Let i(l) = -l - 55. Let q(v) = 3*v + 175. Let a(n) = -7*i(n) - 2*q(n). What is a(-19)?
16
Suppose -126 = -6*d - 25*d + 13*d. Let c(g) = 6*g - 49. Give c(d).
-7
Let n(l) = 3*l + 50. Let g be n(-7). Let f be 5/2 + g/(-58). Let u(p) = 4*p**2 + 3*p - 1. What is u(f)?
21
Let h(i) = i - 33. Let u(v) = -5*v - 45. Let c = -25 - -16. Let d be u(c). Determine h(d).
-33
Let k(j) = -3*j**3 - 2*j**2 + 6*j + 65. Let w(d) = -5*d**3 - 6*d**2 + 9*d + 98. Let y(s) = 8*k(s) - 5*w(s). Calculate y(-14).
-12
Let g(a) = a**2 - 3*a + 3. Let r = -1 + -3. Let h(f) = -8*f - 14*f + 19*f - 1 + 4*f - 2*f. Let d(i) = r*h(i) - g(i). What is d(5)?
11
Let s(d) = -d - 3. Suppose -4 = -4*o, -2*v + 36 = -4*v + 4*o. Let b = 10 + v. Let t be s(b). Let i(j) = -j**2 + 2. Give i(t).
-7
Let s be -20 + (322/14 - -8). Let o(p) = 2*p**2 - 24*p - 28. What is o(s)?
-50
Let c(v) = 3*v**3 + 9*v**2 + 5*v + 4. Let l(t) = t**2 + 373*t - 2663. Let s be l(7). Determine c(s).
-11
Let y(m) be the third derivative of m**4/3 - 193*m**3/6 + 2*m**2 - 110*m + 6. What is y(26)?
15
Let g(u) = -u**3 + 16*u**2 + 37*u - 11. Suppose 28*q + 109*q - 1746 = 40*q. Give g(q).
7
Suppose 0 = -0*h + h - 8. Let k(a) = -11*a**2 + 34*a + 13. Let d(j) = 4*j**2 - 12*j - 4. Let v(g) = h*d(g) + 3*k(g). Determine v(6).
7
Let j(t) = 31*t**3 + 16*t**2 + 2*t - 5. Let f(l) = 6*l**3 + 2*l**2 - 2*l. Let g(h) = -5*f(h) + j(h). Determine g(-2).
-13
Let w(r) = 7 - 839*r + 855*r**2 - 837*r**2 - 1 + 830*r. What is w(1)?
15
Let g(i) be the first derivative of i**2/2 + 4*i + 58. Let z(q) = -33*q + 16*q + 1 + 18*q. Let a be z(6). Calculate g(a).
11
Let n(p) be the first derivative of 1/3*p**3 + 21 + 5*p - 1/2*p**2. Determine n(-4).
25
Let u(g) = -2*g**3 + 5*g**2 + g + 3. Suppose 0 = -3*o + y + 5, -13*y + 7 - 2 = -4*o. Calculate u(o).
9
Let b(n) = -3*n**2 + 13*n + 37. Let w(a) = -4*a**2 + 13*a + 37. Let x(i) = 3*b(i) - 2*w(i). Let r be x(15). Let d(j) = j**3 - 6*j**2 - 7*j - 7. Calculate d(r).
-7
Let y(k) be the first derivative of -k**4/4 - 3*k**3 - 5*k**2/2 - 18*k + 8641. Give y(-9).
27
Let g(k) be the third derivative of 0 + 0*k - 1/60*k**5 + 5/24*k**4 + 2/3*k**3 - 121*k**2. Give g(5).
4
Suppose -30*s + 35 = -25*s - 5*m, -5*s = -2*m - 35. Let q(k) = 54*k - 379. Calculate q(s).
-1
Let x(r) = r**3 + 4*r**2 + 3*r + 4. Suppose 304*l - 28 = 297*l. Let t(v) = -v**2 + 12. Let g be t(l). Determine x(g).
-8
Suppose -6 = 5*n - 4*k, -2*n + 4*n + 4*k + 8 = 0. Let a(t) be the second derivative of 3*t**3/2 + 5*t**2/2 - 215*t + 1. Determine a(n).
-13
Let j(u) be the second derivative of u**5/20 - u**4/2 - u**3 + 3*u**2 - u. Suppose 31*i - 12788 = -15*i. Let p = i + -271. Calculate j(p).
13
Let k(a) be the first derivative of 28 + 7/2*a**2 + 16*a. Let z be k(-2). Let g(m) = 2*m. Give g(z).
4
Let c(h) = -2*h**3 + 8*h**2 + 7*h - 30. Let b(p) = -p**3 + 8*p**2 + 6*p - 23. Let d(q) = -3*b(q) + 2*c(q). Calculate d(-7).
-12
Let d(m) = m**3 - 6*m**2 - 22*m + 25. Let i be d(9). Let t be (i/(-21))/((-6)/(-9)). Let u(k) = -k**2 - 5*k - 7. Determine u(t).
-7
Let m be ((-13)/(-4))/((-2)/8). Let c(i) = -11*i - 8. Let u(g) = 24*g + 17. Let k(z) = m*c(z) - 6*u(z). What is k(8)?
-6
Let x(k) be the first derivative of 12*k + 1/2*k**2 - 32. Calculate x(0).
12
Let b = 4956 - 4953. Let y(t) = 3*t**2 - 12*t + 4. Determine y(b).
-5
Suppose -2*r + 26 = 3*r - 3*q, -5*q = -r + 14. Suppose 48*n - 46*n = -r. Let j be (-11 + 12)*n*(-3)/(-6). Let o(k) = -22*k**3 + k**2 - k - 1. Calculate o(j).
23
Let x(s) = s**2 - 2*s - 13. Let f be x(-3). Let z(t) = 7*t + 2*t**3 - 6*t**f - 7*t - t**3 + 4. Suppose -4*q + 11 + 7 = -3*c, 2*q + 3*c - 18 = 0. Determine z(q).
4
Let s(j) be the first derivative of -j**4/4 + 6*j**3 - 9*j**2 + 10*j - 93. Let y be s(17). Let t(k) = 4*k - 5. Determine t(y).
-33
Let w(t) = 2*t**2 - 112*t + 577. Let h be w(50). Let f(s) = s**3 + 24*s**2 + 24*s + 30. Give f(h).
7
Let x(f) = -f**3 - 4*f**2 + 3*f + 6. Suppose 428*q + 69 = 405*q. Determine x(q).
-12
Let y(j) = -j**3 + 2*j + 2. Let u = 232 + -379. Let q = u + 145. Give y(q).
6
Let w(h) be the second derivative of h**3/6 + 14*h**2 + 7*h - 102. What is w(-6)?
22
Let p(u) = -u**2 - u - 1. Let h = 76 + -131. Let x = 597 + -542. Let g = x + h. Determine p(g).
-1
Let h(y) = 118*y**2 + 119*y**2 - 360*y**2 - 2*y**3 + 2*y + 119*y**2 + y**3 + 5. What is h(-4)?
-3
Let b(p) = p**3 + 10*p**2 + 20*p - 12. Let d be b(-4). Let f be 5/((-5)/2) - -17. Let l(t) = -f + 8 + 3*t - 2*t. What is l(d)?
-3
Let i(g) be the second derivative of g**4/12 - g**3 - 3*g**2 - 2*g. Let r be 15*70/735*11/(220/(-56)). Give i(r).
34
Suppose 5*d - 77 = -4*t, -d + 4*d - 4*t = 59. Let k = d + -9. Suppose -7 - 9 = -k*b. Let n(w) = -w**2 - 3*w + 2. What is n(b)?
-8
Let u(w) be the first derivative of -w**3/3 + 2*w**2 - 8*w + 345. Give u(11).
-85
Let v be ((-4)/(-6))/(607/(-87) - -7). Let f(q) = 13 - v - 2*q - q + 14. Determine f(-2).
4
Let s(f) = 8*f**2 - 86*f - 23. Suppose 5*w = 3*y - 48, 60*y - 55*y = -3*w + 46. Calculate s(y).
-1
Let c(n) = -n**3 - 28*n**2 - 53*n - 24. Suppose -213*x + 174 = 5712. Give c(x).
2
Let p be (-1)/(0 - 5/165). Let n(r) = p*r - 12 - 18 - 38*r. What is n(-6)?
0
Suppose -3*n + 88 = 4*z, 0 = 57*z - 60*z - 5*n + 77. Let x(o) = o**3 - 21*o**2 + 38*o - 13. Calculate x(z).
-13
Let y(j) = j**2 + 12*j + 3. Let x be y(-11). Let v = -6 - x. Let c(k) = 34990 - 3*k - 34990. Calculate c(v).
-6
Suppose 4*u - 4*z + 14 = -18, -5*z = 3*u. Let c be -1 + (-4 - u) + 33. Let q(x) = -x**2 - 6*x - 19 - 14 + c. Calculate q(-4).
8
Let s(z) be the first derivative of z**4/4 + 8*z**3/3 + 7*z**2/2 + 5*z + 1. Suppose 0 = -17*n + 26 - 145. Calculate s(n).
5
Suppose 0 = 3*v - 3*z + 15, 96*z = 93*z + 18. Let r(f) = -13*f**3 - 6*f**2 + 8*f - 2. Calculate r(v).
-13
L